2 + -1 + 2. Let n = 0 + z. Let c be n + -4 - 1 - -503. What is the highest common factor of 46 and c?
46
Let c(z) = z**3 + 31*z**2 - 419*z - 15. Let p be c(-41). What is the greatest common factor of p and 1298?
118
Let r(l) = -4*l**2 + 336*l - 132. Let t be r(64). What is the highest common factor of 116 and t?
116
Suppose -5*q + 5*o + 121 = -114, q + 2*o = 41. Suppose -15*j = -11*j - 120. What is the highest common factor of q and j?
15
Let a be 9*(-9)/81 - (-3 - 0). Calculate the greatest common factor of 158 and a.
2
Let o(c) = -309*c + 3733. Let l be o(-19). What is the highest common factor of 28 and l?
28
Let o = 26054 + -23113. What is the highest common divisor of 119 and o?
17
Suppose 5*t - 4*k - 1053 = 0, t + 4*t = -5*k + 1035. Let q = -100 - -142. Let b = -23 + q. Calculate the highest common divisor of t and b.
19
Let l be 4 + -7 + 9/((-72)/(-1688)). Calculate the highest common divisor of 128 and l.
16
Suppose 3*b = 2*v + 649, 109 + 361 = 2*b + 4*v. Suppose -t = t - 26. What is the highest common divisor of b and t?
13
Suppose -5 = -2*i + 23. Suppose 0*d = d - 4, 3*d = -4*q + 20. What is the greatest common factor of i and q?
2
Let s(w) = -w**2 + 208*w + 2138. Let o be s(206). What is the greatest common divisor of o and 150?
150
Let g(k) = -4*k**3 + 122*k**2 - 25*k + 62. Let z be g(30). Calculate the greatest common factor of 2641 and z.
139
Let s be (-6 + 6 + 1)*(-1 + -14). Let n be (-36)/s*15/2. What is the greatest common divisor of 45 and n?
9
Suppose -4*b + 19 = 7. Suppose -54*h - b = -55*h. Suppose -4*f + 16 = -5*i + 256, -h*f = 0. What is the greatest common divisor of i and 24?
24
Suppose -5*m = -0*b + 3*b + 21, -2*m + 6 = 0. Let j(s) = 7*s + 27. Let t be j(0). Let a = b + t. Calculate the highest common divisor of a and 3.
3
Suppose 0 = -42*m + 679 - 175. Calculate the greatest common divisor of 78 and m.
6
Let f = -80 + 101. Let s = -96 + f. Let o = s - -99. Calculate the greatest common divisor of 36 and o.
12
Suppose 2*f + 18*f - 40 = 0. Suppose h - 71*t = -73*t + 102, -f*h - 3*t = -200. Calculate the highest common divisor of h and 141.
47
Suppose -3*t - 449 = -1739. What is the greatest common factor of t and 50?
10
Let h(g) = 101*g + 272. Let l be h(-2). Calculate the greatest common divisor of 130 and l.
10
Let u = -20613 - -20861. Calculate the highest common factor of u and 36952.
248
Let s(l) = -11*l - 14. Let c be s(-13). Suppose p = 2*i + 91, 3*i + c = p - 2*p. Let v be (-8 - i) + (1 - -2). Calculate the highest common factor of 429 and v.
39
Suppose -o = -2*j + 7*j - 860, -2*o + 1696 = 2*j. What is the highest common divisor of o and 195?
65
Let b(q) = q**3 + 18*q**2 - 39*q - 310. Let c be b(-19). What is the greatest common factor of c and 180?
10
Suppose 3*v + f = -1, -v - 2*f - 2 = -0*v. Suppose v = n - 11 + 1. Let p be 441/15 - (-45)/75. Calculate the greatest common factor of p and n.
10
Let m be (8/(-10))/((-188)/133950). Let w = 658 - m. Calculate the highest common divisor of 16 and w.
8
Let l(m) = 7*m**3 - 14*m**2 - 27*m + 218. Let s be l(7). Calculate the highest common factor of 32 and s.
16
Suppose 18*a - 405 = 15*a. Let n be 4/(1/3 + (-6)/(-9)). Suppose -n*j + 135 = 5*j. Calculate the highest common divisor of a and j.
15
Let p = 50 - 39. Suppose -48 = -2*c + f, 2*c - 7*f - 68 = -p*f. What is the highest common factor of c and 416?
26
Suppose 2*y - 31 = -5. Suppose 56*k - 60*k + 1796 = 0. Suppose -5*r + 3*i = -k, -4*r - 170 + 536 = i. What is the greatest common divisor of r and y?
13
Let s(l) = 3*l**2 - 2*l - 12. Let z be s(6). Let k be (5/((-10)/72))/(z/(-56)). What is the highest common factor of k and 40?
8
Suppose 65 - 53 = 4*s. Suppose -s*d + y + 6 = -7, d + 4*y = -13. What is the greatest common divisor of 7 and d?
1
Suppose -2*o - 159 = 4*i - 805, 0 = -o + 3*i + 308. What is the greatest common divisor of o and 3?
1
Let v be (-64)/(-10) - (12/5 + -2). Suppose -3*h = -3*q + 21 + v, -5*h + q = 25. Let b be h/((-160)/35 - -4). Calculate the highest common factor of 21 and b.
7
Let p(u) be the first derivative of -5*u**4/4 + u**2 - 195. Let o = 3 - 5. Let s be p(o). Calculate the highest common divisor of 12 and s.
12
Let v = 88 + 101. Let k(t) = -1627*t + 235969. Let b be k(145). Calculate the greatest common divisor of v and b.
27
Let c = 1 + 4. Let q(n) = n**3 + 6*n**2 - 6*n - 1. Let r(d) = -d**2 - 4*d + 26. Let w be r(-8). Let g be q(w). Calculate the highest common divisor of c and g.
5
Let c = 2324 + -2121. Suppose 6*m = 3*m + 9. Suppose -2*g - m*g + 145 = 0. Calculate the greatest common divisor of g and c.
29
Let y(u) = u**3 - 7*u**2 + 2*u - 2. Let v be y(7). Suppose -v*r = 9*r - 1050. Calculate the greatest common factor of 10 and r.
10
Let n(x) = -11*x - 78. Suppose 20 = -4*r, 5*r - 1 = 3*c + 10. Let s be n(c). Calculate the highest common factor of 24 and s.
6
Suppose 8*p - 5*p - 39 = 0. Suppose -18*n + 85 = -p*n. Let x be n + -3 + 5/((-10)/(-6)). What is the highest common factor of x and 51?
17
Suppose -152 = 9*m - 836. Suppose -4*x + 2*n + m = -2*n, 0 = 2*x - n - 43. Calculate the highest common divisor of 192 and x.
24
Let a = -177 + 181. Suppose 0 = -3*o + 3*q + 51, -7*q + 6*q + 48 = a*o. Let g = 27 - -12. Calculate the highest common factor of g and o.
13
Let n be ((-86)/(-9))/1 - (-4)/9. Let q(a) = 5*a**2 - 7*a + 11. Let w be q(n). Calculate the greatest common divisor of w and 18.
9
Suppose 5*y = -3*t + 20, -4*y + t + 159 = 143. Let f(h) = 15 + 4 - h - 2*h. Let a be f(y). What is the greatest common divisor of a and 28?
7
Suppose -8644 = -3*i - b, 2*i - 4*b + 2896 = 3*i. Suppose 0 = v + 19*v - i. Calculate the highest common divisor of v and 36.
36
Let r = -2983 + 3088. Calculate the greatest common factor of 1785 and r.
105
Let z(b) = 13*b - 20*b + 35*b - b**2. Let a be z(21). Calculate the greatest common factor of 21 and a.
21
Suppose 3*k + 1083 - 1820 = 2338. Calculate the greatest common factor of k and 10.
5
Let o = -16127 - -18117. Calculate the greatest common divisor of 10 and o.
10
Suppose 3*k = m + 1649, k - 588 + 36 = -2*m. What is the greatest common divisor of k and 75?
25
Let t = -5397 - -5999. What is the greatest common factor of t and 1376?
86
Suppose 4*u - 5 = -5*f, 0*f - f = -2*u - 15. Suppose -x - 389 = -f*x - 3*i, 2*i - 96 = -x. What is the greatest common divisor of 14 and x?
14
Let d = 37322 + -37298. What is the greatest common factor of d and 4194?
6
Suppose 0 = -q + 2*q - 14. Suppose -163 = 5*o - 3*b, 7*o - 11*o = -2*b + 132. Let n be (-2358)/(-21) - (-10)/o. What is the highest common factor of n and q?
14
Let w(v) = -127*v**3 + 7*v + 0 + 7*v**2 + 128*v**3 + 3 + 2. Let m be w(-6). Let g be m + (-4 - -7 - 0). What is the greatest common factor of 2 and g?
2
Suppose 0 = -21*g + 24*g - 6. Suppose -g*n + 1800 = 13*n. Calculate the highest common divisor of 60 and n.
60
Suppose -5*l = -8*l - 21, -2*l = -3*v + 2609. Calculate the greatest common factor of v and 3806.
173
Let b = 10679 + -10310. Let h(j) = 9*j**2 - 4*j - 3. Let a be h(-2). What is the highest common divisor of b and a?
41
Suppose 2*v = -4*l - 20, v - 7*l + 4*l = -15. Let i be 6/v - (-947)/2. Calculate the greatest common divisor of i and 43.
43
Let n(f) = 444*f + 115. Let h be n(2). What is the highest common factor of h and 177?
59
Let b = -41 + 39. Let g be b - 7/(21/(-981)). What is the greatest common divisor of 13 and g?
13
Suppose -27*z + 14915 + 1150 = 0. What is the greatest common divisor of 770 and z?
35
Suppose 134*y = 129*y - q + 122, 0 = -4*y - 12*q + 120. Suppose 8*j - 330 = 3*j. Calculate the highest common divisor of j and y.
6
Let t = 1544 - 1494. Calculate the highest common factor of t and 14.
2
Let w(u) = 6*u**2 + 5*u + 1. Let z be w(4). Suppose -183*h - 3120 = -196*h. Let v = 253 - h. Calculate the greatest common factor of v and z.
13
Let b(y) = -y**2 + 9*y - 16. Suppose 14*q - 18 = 24. Let v be b(q). Suppose v*r - 20 - 58 = 0. Calculate the greatest common factor of 26 and r.
13
Suppose -3*k - 258 = -4*p, -8*p + 5*p = 2*k + 172. Let o be 43/k - (0 - (-130)/(-4)). What is the greatest common factor of o and 32?
32
Let t = -2453 + 2776. Let x(b) = -b**2 + 7*b + 5. Let v be x(4). Calculate the greatest common factor of t and v.
17
Let s be (51/(-4))/(150/(-800